digit of (s - -4)/(2/j)?
1
Suppose -2*t + 35 = 3*t. Let b be 2/(t + -3)*6. Suppose 4*w - 39 = -3*l, -16 = -w - b*l + l. What is the units digit of w?
6
Suppose 4*b - 39 = 9. Let y = b - 17. Let c = y - -7. What is the units digit of c?
2
Let j(h) = h**2 - 2*h + 4. Let s be j(4). Suppose 4*b + s = 4. What is the units digit of (-2)/(-4) - 1/b?
1
Suppose -b - 11 = -31. What is the tens digit of b?
2
Suppose 4*u - 38 = 2*u. Suppose 3*m - 3*r - 36 = 0, -17 = -2*m - r + 4. Let b = u - m. What is the units digit of b?
8
Let r be -1 - -3*(-4)/(-2). Let h = 18 - r. What is the units digit of h?
3
Suppose -2*t + 3*t - 423 = 0. Suppose 0 = 3*l - 0*l + t. What is the tens digit of l/(-12) + 2/8?
1
Suppose 48 = 2*a + 4*y, -42 = 4*a - 2*y - 158. What is the tens digit of a?
2
Let y(f) = -f**3 + 7*f**2 + 11*f - 6. What is the units digit of y(8)?
8
Let d = -1 + 69. What is the tens digit of d?
6
Let w be (9 + -3 + -3)*2. Suppose w*r - 3*r - 27 = 0. What is the units digit of r?
9
Suppose -2*a - 4*s + 24 = -6*a, -2*s + 8 = 0. Let d = 5 + a. What is the units digit of ((-14)/d)/(6/(-9))?
7
Suppose -6*u + 13 = -5*u. What is the units digit of u?
3
Suppose 0 = -4*m + y + 367, 45 = 5*m + 4*y - 440. Suppose 0 = -d + x + 31, -d - 2*d = x - m. What is the units digit of d?
1
Let l(q) = -q**3 + 4*q**2 - 3*q. What is the units digit of l(2)?
2
What is the tens digit of 0/(-5) - 1*-27?
2
Suppose 0 = -3*j - 4*s + 13, j - s - 2 = -0. Let x be j/(-10)*-6*5. Let a = -8 + x. What is the units digit of a?
1
Let i be 1 - 2/((-6)/3). What is the units digit of (1/i)/(2/4)?
1
Suppose -3*p = -0*p - 9. Suppose p*c = -c + 76. What is the tens digit of c?
1
Suppose 6 = 3*c, 5*c = 4*a - 0*c - 38. Suppose -9*v = -5*v - a. Suppose -f = -v*f + 22. What is the units digit of f?
1
Let y(p) = p + 6. Let u be y(-3). Suppose 4*g - 54 = -h, -13 = -u*g + 4*h + 37. What is the tens digit of g?
1
Suppose 0 = t - 6*t. Suppose h = 2*h - 2*y - 10, t = 4*h + 3*y - 73. What is the units digit of h?
6
Let a be -1 + (-1 + 0)*3. Let o = a - -15. What is the tens digit of o?
1
Suppose 5*q = -25, -29 = -3*b + 5*q + 5. Suppose -93 = -5*y - b*s, 3*s = 3*y - 42 - 33. What is the units digit of y?
1
Suppose -h = 2*h. Suppose h = -s + z + 11, -3*z + 9 + 3 = 0. What is the units digit of s?
5
Suppose 3*f + 190 = 5*f. What is the tens digit of f?
9
Suppose y = -0*x - 3*x + 16, 0 = -4*y - x + 42. Let o(w) = -w**2 - 10*w + 15. Let m be o(-11). Suppose y = r + m*r. What is the units digit of r?
2
Let i(y) = -y**2 - 7*y + 5. Let d be i(-7). Suppose -3 + 15 = d*l + z, -l - 3*z = 6. What is the units digit of l?
3
Let f(x) = 4*x**2 + x - 1. Let g be f(1). Suppose -66 + 12 = -g*w - 2*u, -w + 2*u + 1 = 0. What is the units digit of w?
1
Suppose 5*w - 6*i + 5*i = 197, -w = -i - 41. What is the tens digit of w?
3
Suppose -4*z + 15 = -z. Suppose 3*q - 42 = -z*t, 3*t = 4*t + q - 10. What is the units digit of t*3*(-2)/(-18)?
2
What is the units digit of ((-368)/(-32))/((-1)/(-2))?
3
Suppose -4*j + 8 = -3*f, 3*f - f - 3*j + 7 = 0. What is the units digit of f?
4
Let y = -55 - -90. What is the units digit of y?
5
Let l be (-8)/(1 + -3) - -1. Suppose 3*r - 14 = m, -4*r - 3*m + 7 + 3 = 0. Suppose -j = -l*j + r. What is the units digit of j?
1
Let s(b) = 2*b**2 + 5*b - 6. Suppose -2 = -2*n - 3*k, -3*k = 3*n - 1 - 5. What is the tens digit of s(n)?
4
Let k = 3 - -4. Let l(j) = j**2 - j - 7. What is the units digit of l(k)?
5
Let t = -15 - -18. Suppose -c - 40 = -2*c - t*i, 4*i + 162 = 5*c. What is the units digit of c?
4
Let s = -10 + 24. What is the tens digit of s?
1
Suppose 2*z - 3*t = 56, 2*t = -5*z - t + 161. What is the tens digit of z?
3
Let t(s) = -s**2 + s + 2. Let a be t(0). Suppose a*z = -2*z + 36. What is the units digit of z?
9
What is the tens digit of (40/(-3))/((-3)/18)?
8
Let n(l) = l + 4. Let h be 2 + -3 - (-4)/1. What is the units digit of n(h)?
7
Let p(j) be the second derivative of -j**5/20 + j**4/12 + j**3/3 + j**2/2 - 2*j. What is the units digit of p(2)?
1
Let k = -2 + 8. Suppose 3*u - 12 - k = 0. Let x(a) = a**3 - 6*a**2 - a + 7. What is the units digit of x(u)?
1
Suppose -2*n = -20 - 26. What is the units digit of n?
3
Let l(k) = -k - 10. Let w be l(-10). Suppose w = u + 4*u - 40. Let m = u - 4. What is the units digit of m?
4
Let y be 155/20 - (-9)/(-12). Suppose -4*x = -5*z + z - 8, 8 = -4*z - 2*x. Let f = z + y. What is the units digit of f?
5
Suppose 3*h - 1 = -7. Let a(u) = -2*u**3 - 4*u**2 - 4*u - 3. Let c be a(h). Suppose 2*l = g, 52 = 5*g - 2*l + c*l. What is the units digit of g?
8
Suppose -5*a - 4*o = -97, 57 = 3*a - 10*o + 12*o. What is the tens digit of a?
1
Let h(v) = 2*v**3 + v**2 + v - 1. Let b be h(1). Suppose b*k - 9 = -3*s, 0*k - 5*k = -s - 3. What is the units digit of k?
1
What is the units digit of 285/(-6)*(-72)/30?
4
Suppose 0 = 2*d + 2*d. Suppose d*l + 9 = l. What is the units digit of l?
9
Suppose 637 = 4*r + 213. What is the hundreds digit of r?
1
What is the hundreds digit of 2 - (-3)/(-1) - 482/(-2)?
2
Let s be (5 - 0)*4/10. Let y(c) = c**3 + 5*c**2 - 4*c + 8. Let r be y(-5). What is the units digit of (r/(-8))/(s/(-4))?
7
Let x(k) = -8*k**3 - 2*k**2 - 7*k - 4. What is the hundreds digit of x(-3)?
2
Let n(s) = -s**3 + s**2 - s + 3. Let c be n(0). Suppose -4*b - 2*a + 3 = b, -5*a - 8 = -c*b. What is the units digit of (-4)/(-6)*(b + 2)?
2
Suppose 0*q = 3*q + 12. Let p = q - -7. Suppose 4*w = p*o + 22, 2*o = -3*w + 2 + 23. What is the units digit of w?
7
Let s = -7 + 7. Suppose s*j = -4*j + 4*c + 28, 0 = 3*c. What is the units digit of j?
7
Let w(x) = 11*x - 10. Let j be (-2)/(-7) + 52/14. What is the units digit of w(j)?
4
Let v = 18 - 15. Suppose 2*n + 5*k - 61 = 0, -v*n + 11 = -2*n - 4*k. What is the units digit of n?
3
Let x = 7 + 11. What is the units digit of x?
8
Let u = -3 - -3. Suppose u*l = -4*l + 24. Suppose -l = 2*v - 14. What is the units digit of v?
4
Let v(h) = -5*h + 2. Let m(k) = k + 1. Let c be m(-4). What is the tens digit of v(c)?
1
Let i(g) be the first derivative of -7*g**2 - 4. Let b(o) = -o + 6. Let a be b(7). What is the units digit of i(a)?
4
Suppose -8*d = -12*d + 556. What is the units digit of d?
9
Suppose -4*v = -59 - 25. Let z = v + -1. What is the tens digit of z?
2
Let p = 38 + -15. What is the tens digit of p?
2
Suppose 0 = -0*w + 3*w - 24. What is the units digit of 7/2 + 12/w?
5
Let p(j) = -3*j**2 - 36*j + 11. What is the units digit of p(-10)?
1
Let k(g) = -3*g - 5. Let u be -3 - (3 + -1) - 2. Let w be k(u). Let i = w - 2. What is the units digit of i?
4
Suppose 8*n = 4*n + 32. Suppose -3*k - n = -5*k. Suppose 4*p = k*x + x + 12, 0 = 2*p - 5*x - 6. What is the units digit of p?
3
Suppose 5*m - 540 = -0*m. What is the units digit of m?
8
Let w = 0 - 7. Let s = -4 - w. What is the units digit of s?
3
What is the units digit of (7 + (-2)/1)*(-35)/(-7)?
5
Suppose 3*h + 29 - 2 = 4*f, -5*f - 10 = 5*h. Suppose f*n + g = -0*g, 0 = g - 3. What is the units digit of -1*-2*2 + n?
3
Suppose 2*x = 3*d + 11, 0*d - 3*x = 4*d + 9. Let r be (d/(-5) - 1)*-5. Suppose 5*h - 10 = 2*n, -r*h + 33 = 2*n + 3*n. What is the units digit of h?
4
Let n(t) = t**2 - 2*t + 3. Let j be 0 + (0 - (-4)/(-2)). Let v be 38/9 + j/9. What is the units digit of n(v)?
1
Suppose d - 4*p + 7*p - 20 = 0, -36 = -2*d - 5*p. Suppose -a + 2 + d = 0. What is the tens digit of a?
1
Let s be 14/(-8)*(-8 + 4). Suppose 0 = 2*b - 3*b + s. What is the units digit of b?
7
Let v(x) = 4*x**2 + 3*x + 2. Let y be v(-2). What is the units digit of 2 + (y - (1 - 1))?
4
Suppose -r = -5*r - 16. Let k(h) = 2*h**3 + 3*h**2 + 4. Let w(f) = f**3 - f**2 + f + 1. Let i(u) = k(u) - w(u). What is the units digit of i(r)?
7
Suppose -2*r + 3*r - 12 = 0. What is the units digit of r?
2
Suppose -x + k + 19 = 0, 0 = 4*x + 3*k - k - 82. What is the tens digit of x?
2
Let c = 4 + -1. Suppose -c*a + 5 = -7. Suppose -4*n = -6*n + a. What is the units digit of n?
2
Let n(q) = q**3 + q**2. Let b be n(0). Suppose b*y + 65 = 5*y. What is the units digit of y?
3
Let w = 0 + 3. Let y(b) = 3*b**3 - 2*b**2 - b + 6. Let h be y(2). Suppose -w*l + h = l. What is the units digit of l?
5
What is the units digit of (-2)/4*-22 + (-6 - -4)?
9
Let z = 16 - 14. Let l(u) = 2*u**2 - 4. What is the units digit of l(z)?
4
Suppose 0*u - 4